base 10
-1
Convert -1a (base 14) to base 8.
-30
Convert 4 (base 5) to base 4.
10
Convert 44 (base 9) to base 7.
55
Convert -1 (base 5) to base 16.
-1
What is 9 (base 11) in base 14?
9
-20 (base 3) to base 13
-6
What is 110000 (base 2) in base 3?
1210
Convert 90 (base 11) to base 15.
69
-7 (base 8) to base 11
-7
What is -61 (base 9) in base 8?
-67
Convert 0 (base 12) to base 10.
0
Convert 5 (base 13) to base 16.
5
What is -77 (base 10) in base 15?
-52
-1110101 (base 2) to base 8
-165
What is -40 (base 8) in base 4?
-200
3 (base 12) to base 13
3
What is -a (base 13) in base 8?
-12
What is 2c (base 14) in base 4?
220
-26 (base 13) to base 3
-1012
-28 (base 16) to base 11
-37
What is 1 (base 2) in base 6?
1
What is 160 (base 7) in base 10?
91
What is 8 (base 16) in base 11?
8
-1 (base 5) to base 6
-1
Convert 9b (base 15) to base 2.
10010010
17 (base 12) to base 10
19
1a5 (base 13) to base 6
1224
What is -3 (base 14) in base 16?
-3
What is -12010 (base 3) in base 2?
-10001010
What is 121 (base 8) in base 4?
1101
Convert -13 (base 4) to base 8.
-7
-111011 (base 2) to base 4
-323
What is 3 (base 16) in base 11?
3
-1011 (base 2) to base 15
-b
What is 1 (base 6) in base 14?
1
Convert 2 (base 3) to base 9.
2
What is -10 (base 5) in base 4?
-11
1011 (base 2) to base 3
102
Convert -2 (base 5) to base 11.
-2
Convert 8 (base 10) to base 14.
8
Convert 101 (base 2) to base 15.
5
Convert -19 (base 11) to base 7.
-26
-353 (base 6) to base 5
-1031
Convert 6 (base 15) to base 14.
6
Convert 0 (base 3) to base 7.
0
Convert 41 (base 10) to base 8.
51
2 (base 10) to base 13
2
1a (base 14) to base 5
44
What is 3 (base 10) in base 9?
3
Convert 19 (base 14) to base 6.
35
What is -202 (base 3) in base 11?
-19
What is 10 (base 3) in base 11?
3
Convert 4 (base 8) to base 10.
4
What is -3 (base 6) in base 8?
-3
344 (base 6) to base 13
a6
What is 11 (base 13) in base 4?
32
11 (base 4) to base 9
5
5 (base 11) to base 9
5
Convert -26 (base 15) to base 6.
-100
What is -10 (base 3) in base 13?
-3
What is 0 (base 15) in base 6?
0
What is 32 (base 15) in base 12?
3b
28 (base 16) to base 13
31
Convert 1010 (base 2) to base 4.
22
2 (base 7) to base 14
2
What is 3 (base 14) in base 12?
3
What is 171 (base 9) in base 2?
10010001
What is 19 (base 12) in base 9?
23
Convert 2 (base 15) to base 3.
2
Convert 13 (base 6) to base 12.
9
Convert 1 (base 13) to base 14.
1
What is 3 (base 4) in base 9?
3
Convert 3 (base 6) to base 15.
3
What is 3 (base 7) in base 5?
3
What is 0 (base 4) in base 10?
0
What is 85 (base 9) in base 4?
1031
-4 (base 9) to base 14
-4
5 (base 8) to base 16
5
What is -32 (base 10) in base 14?
-24
-13 (base 7) to base 9
-11
What is -30 (base 5) in base 3?
-120
What is 400 (base 8) in base 16?
100
Convert 32 (base 5) to base 2.
10001
Convert 186 (base 13) to base 3.
101100
What is 33 (base 6) in base 4?
111
4 (base 14) to base 9
4
What is -1 (base 7) in base 12?
-1
Convert -f (base 16) to base 2.
-1111
-21 (base 5) to base 3
-102
-100 (base 3) to base 16
-9
-4 (base 9) to base 11
-4
Convert 4 (base 8) to base 13.
4
Convert -2 (base 15) to base 16.
-2
What is 1b7 (base 12) in base 5?
2113
10001000 (base 2) to base 12
b4
Convert -8c (base 14) to base 16.
-7c
Convert 0 (base 5) to base 6.
0
Convert -7 (base 10) to base 3.
-21
Convert 25 (base 6) to base 9.
18
What is 101 (base 4) in base 8?
21
Convert -8 (base 14) to base 12.
-8
Convert 3 (base 14) to base 5.
3
Convert 42 (base 5) to base 2.
10110
17 (base 10) to base 3
122
What is -100100101 (base 2) in base 11?
-247
Convert 3 (base 5) to base 4.
3
Convert -2 (base 14) to base 3.
-2
-13 (base 11) to base 14
-10
27 (base 13) to base 4
201
Convert -172 (base 10) to base 4.
-2230
What is 2 (base 4) in base 11?
2
What is -9 (base 12) in base 9?
-10
-8 (base 16) to base 15
-8
2 (base 9) to base 13
2
-3 (base 4) to base 9
-3
-9 (base 15) to base 16
-9
Convert 2 (base 7) to base 11.
2
What is 6 (base 7) in base 13?
6
46 (base 7) to base 14
26
323 (base 5) to base 16
58
Convert 30 (base 4) to base 2.
1100
11 (base 2) to base 6
3
What is 17 (base 11) in base 15?
13
-d (base 15) to base 11
-12
What is 110011111 (base 2) in base 14?
219
What is -1 (base 8) in base 15?
-1
What is -5 (base 7) in base 10?
-5
What is 31 (base 4) in base 13?
10
6 (base 13) to base 15
6
Convert 0 (base 13) to base 3.
0
-2 (base 16) to base 6
-2
What is -10 (base 2) in base 10?
-2
Convert -16 (base 15) to base 16.
-15
-4c (base 15) to base 2
-1001000
Convert 2 (base 8) to base 7.
2
What is 11 (base 2) in base 13?
3
Convert -4c (base 15) to base 2.
-1001000
What is -2 (base 12) in base 10?
-2
1101 (base 2) to base 7
16
Convert -5 (base 12) to base 4.
-11
What is 100 (base 2) in base 13?
4
-111101 (base 3) to base 7
-1024
What is -2 (base 9) in base 4?
-2
Convert 14 (base 6) to base 4.
22
What is 11 (base 4) in base 13?
5
What is d (base 15) in base 2?
1101
Convert -1 (base 15) to base 10.
-1
3 (base 16) to base 4
3
-1c3 (base 14) to base 8
-557
What is 10 (base 3) in base 10?
3
Convert -4 (base 10) to base 14.
-4
What is 0 (base 2) in base 4?
0
211 (base 3) to base 12
1a
What is 200 (base 3) in base 16?
12
d (base 14) to base 3
111
Convert 0 (base 6) to base 9.
0
Convert -1010000 (base 2) to base 8.
-120
Convert 69 (base 15) to base 4.
1203
-17 (base 10) to base 11
-16
Convert -1 (base 4) to base 10.
-1
43 (base 6) to base 8
33
What is -3 (base 12) in base 13?
-3
What is 50 (base 7) in base 11?
32
Convert 1 (base 9) to base 7.
1
What is -1b (base 12) in base 6?
-35
Convert 111 (base 4) to base 6.
33
-10101 (base 2) to base 4
-111
Convert -6 (base 13) to base 2.
-110
Convert 36 (base 16) to base 5.
204
What is 26 (base 12) in base 7?
42
What is 144 (base 6) in base 5?
224
What is 13 (base 5) in base 9?
8
Convert 10 (base 10) to base 16.
a
What is -2 (base 14) in base 13?
-2
-1d (base 16) to base 12
-25
What is -1100 (base 2) in base 15?
-c
Convert -1021 (base 3) to base 10.
-34
0 (base 6) to base 2
0
What is 1 (base 8) in base 6?
1
What is 8 (base 15) in base 4?
20
Convert 12 (base 6) to base 10.
8
Convert -2 (base 13) to base 10.
-2
Convert -3 (base 10) to base 16.
-3
-38 (base 14) to base 11
-46
What is 12 (base 4) in base 7?
6
27 (base 11) to base 15
1e
-15 (base 14) to base 9
-21
Convert b1 (base 12) to base 13.
a3
Convert -221 (base 4) to base 13.
-32
2 (base 12) to base 4
2
-1c (base 14) to base 15
-1b
What is 2 (base 16) in base 3?
2
What is 3 (base 14) in base 11?
3
-3 (base 8) to base 3
-10
Convert 10002 (base 3) to base 7.
146
Convert 128 (base 11) to base 2.
10010111
What is 6 (base 11) in base 7?
6
Convert 5f (base 16) to base 11.
87
-96 (base 10) to base 14
-6c
What is 4 (base 12) in base 16?
4
Convert -1a (base 11) to base 6.
-33
What is 1 (base 2) in base 9?
1
Convert -5 (base 9) to base 11.
-5
What is -1142 (base 5) in base 12?
-124
-11 (base 2) to base 3
-10
Convert -21 (base 7) to base 11.
-14
What is -12 (base 8) in base 6?
-14
Convert 6 (base 16) to base 2.
110
Convert 2 (base 4) to base 15.
2
Convert 6 (base 15) to base 5.
11
-14 (base 10) to base 9
-15
Convert 0 (base 5) to base 10.
0
10 (base 3) to base 16
3
28 (base 11) to base 16
1e
-245 (base 7) to base 11
-10a
What is -265 (base 7) in base 3?
-12101
What is -3 (base 12) in base 3?
-10
What is -1d (base 14) in base 9?
-30
2 (base 8) to base 14
2
3 (base 10) to base 9
3
What is 3b (base 15) in base 16?
38
What is -203 (base 4) in base 2?
-100011
What is 0 (base 3) in base 4?
0
-9 (base 13) to base 16
-9
What is 2c (base 13) in base 12?
32
12 (base 10) to base 9
13
Convert -21 (base 12) to base 5.
-100
-1135 (base 7) to base 10
-418
What is -200 (base 3) in base 6?
-30
What is 3 (base 14) in base 5?
3
Convert 220 (base 3) to base 6.
40
-13 (base 14) to base 9
-18
Convert -2 (base 3) to base 15.
-2
0 (base 3) to base 2
0
Convert 50 (base 10) to base 3.
1212
Convert -2 (base 10) to base 3.
-2
0 (base 4) to base 12
0
31 (base 7) to base 12
1a
What is 36 (base 7) in base 4?
123
-2 (base 8) to base 2
-10
-200 (base 3) to base 6
-30
33 (base 5) to base 6
30
Convert 2 (base 14) to base 6.
2
What is -1011 (base 5) in base 4?
-2003
Convert 1100 (base 2) to base 11.
11
What is 21 (base 13) in base 9?
30
What is -70 (base 9) in base 8?
-77
Convert -cc (base 15) to base 7.
-363
-5 (base 14) to